late the highest common factor of z and m.
3
Suppose -196 = 165*j - 172*j. Let w be (-5)/(-30)*-2 - (-381)/9. Calculate the greatest common divisor of j and w.
14
Suppose 446*b = 447*b - 28. Suppose 595 = b*y - 21*y. Calculate the highest common divisor of 10 and y.
5
Let p(n) = -2*n**2 - 126*n - 1049. Let d be p(-10). Calculate the greatest common divisor of d and 13464.
11
Let d(s) = 2*s**3 - 58*s + 3276. Let m be d(0). Calculate the greatest common factor of m and 144.
36
Let r = 542 + -530. Suppose -7*d - 2*d = -216. What is the greatest common factor of d and r?
12
Let o(b) = 20*b - 904. Let f be o(51). Let v(r) = -r + 24. Let p be v(12). What is the greatest common factor of p and f?
4
Let t be (-2 + -8)/(1*(-6)/(-3)). Let i(a) = -a + 21. Let k be i(t). Suppose -325 = -3*u - 2*u. Calculate the highest common divisor of k and u.
13
Suppose 3*c = -2*q + 96, -10*c + 7*c + 12 = 0. Calculate the highest common factor of 1050 and q.
42
Suppose -30*o + 27*o + 12 = 0. Let v be 498/(-14) + o/7. Let m = v - -45. Calculate the greatest common divisor of 130 and m.
10
Let u be 4 + 5 - (5 - 2). Suppose 66 = f - 5*j, 136 + 56 = 2*f + 5*j. Let i = f + -83. Calculate the highest common factor of u and i.
3
Let f(z) be the second derivative of 2/3*z**3 - 4*z + 0 + 5/12*z**4 - 3/2*z**2. Let v be f(2). Calculate the greatest common factor of v and 5.
5
Let h be (-23)/(4*5/(-60)). Suppose 413*y = 418*y - 2415. Calculate the greatest common divisor of y and h.
69
Suppose 90*a = 5022 + 66348. Calculate the greatest common divisor of a and 39.
13
Suppose 0 = -2*y - 5*r + 3*r + 118, -y = -5*r - 29. Let a = y + -57. Let c = a + 13. What is the greatest common divisor of 80 and c?
10
Let n = 1190 - 1137. Calculate the greatest common divisor of 4 and n.
1
Let x(d) = -25*d - 530. Let p be x(-22). Let j = -9 - -13. Suppose 15 = -5*h, 0 = -f - j*h + 1 + 2. What is the highest common factor of f and p?
5
Suppose -10 = 2*m - 5*i + 45, -m - 4*i + 5 = 0. Let p be (-2 - 21/m) + 726/10. What is the greatest common factor of p and 120?
24
Let u = 1762 + 5011. What is the highest common divisor of u and 13?
13
Let c = -82 + 86. Let n be (2*21 + 0)*c/4. Suppose 0 = 3*b + j - 314, -2*j - 548 = -4*b - 126. Calculate the highest common divisor of b and n.
21
Suppose -2*h - 93 = -3*p, -42*p = -38*p + h - 135. Calculate the greatest common factor of 411 and p.
3
Let z = 127 - -273. What is the highest common factor of 640 and z?
80
Let u(l) = 3*l**2 + 14*l + 17. Let h be u(-16). Suppose 0 = -2*k - s + 124, 5*k - h + 225 = 4*s. Calculate the highest common factor of 832 and k.
64
Suppose 4*k - 801 = -p, k + 3*p = -4*k + 996. Suppose 2 = 2*n - 4*q - 174, -2*n - q + k = 0. What is the greatest common divisor of n and 14?
14
Let n be (6 - 4/2)/((-5)/(-1510)). Suppose 7*f = n + 199. What is the greatest common factor of 335 and f?
67
Suppose x - 16 = -2*f + 1, 5*x - 3*f - 72 = 0. Suppose 4*u + 96 = -2*u. Let s = u - -31. Calculate the highest common factor of x and s.
15
Let l(k) = -78*k**2 - 552*k + 6. Let a be l(-7). Calculate the highest common divisor of 3012 and a.
12
Let o(z) = z**3 + 6*z**2 - 6*z + 11. Let w be o(-7). Let g be ((-150)/w)/(-5)*32/3. Let b be (2 - 0)*4 + -3. What is the highest common factor of g and b?
5
Suppose 0 = -i + 588 + 270. Suppose 2*a + 59*m - 159 = 58*m, -2*m = -6. What is the highest common divisor of a and i?
78
Suppose 25*k - 18335 - 3078 - 5687 = 0. What is the highest common factor of k and 4?
4
Suppose -166 = 2*q - 172. Suppose -52*t + i = -55*t + 718, -q*i - 1206 = -5*t. What is the highest common factor of t and 64?
16
Let h(q) = -853*q + 16652. Let f be h(18). Let d be (22 - (0 - 0)) + 0. What is the greatest common divisor of f and d?
22
Suppose 2*i + 3*n = -986, -i + 2*n + 8 - 508 = 0. Let g = i + 541. Calculate the highest common factor of 165 and g.
15
Suppose -p + 7 = -8. Let k be p/5 - (-10)/2. Let z be 5*2*4/k. Calculate the greatest common divisor of z and 2.
1
Let q be 3/((-6)/(-55))*(60 - 58). Calculate the highest common factor of q and 10.
5
Let b = 25881 + -25865. Calculate the highest common divisor of b and 61616.
16
Suppose 105*f - 364 = -77*f. Calculate the highest common factor of f and 1318.
2
Suppose -546*o + 550*o - 888 = 0. Suppose -i + o - 201 = 0. What is the greatest common divisor of 119 and i?
7
Let f(p) = -4*p**3 - 7*p - 28746*p**2 + 28745*p**2 - 1 - 2. Let d be f(-3). What is the greatest common divisor of 13 and d?
13
Suppose 10*i + 509 = -2601. Let f = i + 336. Calculate the highest common factor of 5 and f.
5
Let h = -204 + 209. Suppose -p = i - 11, h*p + 2 = 2*i - 27. Calculate the highest common divisor of i and 288.
12
Suppose -d + g = -4*g + 157, -3*g = -3. Let j be -35*(d/(-40) - 4). What is the greatest common divisor of j and 35?
7
Let d(v) = 15*v**2 + 264*v - 6. Let h be d(-18). What is the highest common factor of h and 6086?
34
Suppose -3*f + r = -64, -5*r = f - 6 - 10. Suppose -340 = -4*i - 20*n + 24*n, 0 = 2*i - 3*n - 171. Calculate the greatest common factor of i and f.
21
Suppose 0 = -4*x + 5*v + 48, -217*v - 18 = 3*x - 214*v. Suppose -2*y = c - 14, 30 = 3*c - 0*y + 2*y. Calculate the highest common divisor of c and x.
2
Suppose 3*d - 1522 = 3*y + 317, 0 = 5*d + 2*y - 3037. Calculate the highest common factor of 105 and d.
21
Let z(i) = -5*i**2 + 79*i - 20. Let h be z(7). What is the greatest common divisor of h and 81?
9
Let y(r) = r**2 + 55*r + 711. Let q be y(-36). What is the highest common factor of q and 5157?
27
Let a(x) = 37*x**3 + 3*x - 3. Let v be a(1). Suppose 6*y + 9*y = 1665. What is the highest common divisor of y and v?
37
Suppose -64*h = -65*h - 4*d + 13639, 4*d - 40973 = -3*h. What is the greatest common factor of h and 519?
173
Let h(b) = -b - 2. Let w(i) = i**2 - 2*i - 15. Let u(s) = -5*h(s) - w(s). Let f be (2/3)/(8/96). Let z be u(f). Calculate the highest common factor of 1 and z.
1
Let d = -1196 + 2825. Suppose -d - 321 = -39*k. Calculate the greatest common divisor of k and 10.
10
Let z = 3216 + -3125. What is the greatest common divisor of 448 and z?
7
Let o be 11/6 + 12/72. Suppose -2*u + 140 = o*u. Let k = 44 - u. Calculate the greatest common factor of 9 and k.
9
Suppose -108*t + 30861 = 31*t + 104*t. What is the greatest common divisor of 28194 and t?
127
Suppose -30 + 606 = x - 4*m, 1224 = 2*x + 4*m. Calculate the greatest common factor of 2520 and x.
120
Suppose 0 = 3*z + u, 4*u + 0*u = -2*z. Suppose 36 = 2*v - 2*m, -3*v - 5*m + 35 + 19 = z. Let d be 3*2/(-12)*-4. Calculate the highest common factor of v and d.
2
Suppose 12*l - 152 = 4*l. Let d be -10*(-23 - 2) - (-1 - -4). Calculate the greatest common divisor of l and d.
19
Suppose 40*p - 368 - 1221 = 611. What is the highest common factor of 5 and p?
5
Let n be 3/(-5) + (-460)/25. Let y = 161 - n. Let w(k) = -5*k**3 - 8*k**2 - 2*k + 3. Let l be w(-3). Calculate the greatest common divisor of y and l.
36
Suppose -203*x - 576 = -219*x. Calculate the greatest common divisor of 2790 and x.
18
Suppose -27*n + 107 = -1817 - 344. What is the greatest common factor of 852 and n?
12
Let o be 18 + (-18)/7 + (-12)/28. Let w be (-105)/(-1) + (8 - 6). Let l = w - -58. Calculate the greatest common factor of l and o.
15
Suppose -11*u + 6*u + 182 = -2*g, -2*u = -g - 73. Let d = 13 + -15. Let p = 10 - d. What is the highest common factor of p and u?
12
Let j(o) = -30*o - 7 + 34*o**2 + 2 + 26*o. Let l be j(-1). Calculate the greatest common factor of 22 and l.
11
Let g = -4224 + 4255. What is the greatest common factor of 3193 and g?
31
Let i = 208 - 118. Let p be i/(-35)*(-280)/30. What is the greatest common factor of p and 24?
24
Let d = -18 + 33. Let x(u) = -8*u - 209. Let f be x(-43). Calculate the highest common divisor of f and d.
15
Let t(x) = -3*x**3 - 43*x**2 - 15*x + 19. Let f be t(-14). What is the highest common divisor of f and 143?
11
Suppose 32 = -8*t + 12*t. Suppose j + t = 5*j, -i + 5*j + 56 = 0. Let u = 5 + 28. Calculate the greatest common divisor of u and i.
33
Let q be ((-960)/(-25))/(-8)*(-20)/2. Suppose -13*i + q = -7*i. Calculate the highest common factor of i and 88.
8
Let l(n) = -n**3 + 43*n**2 + 40*n + 194. Let i be l(44). What is the greatest common factor of i and 43002?
18
Let s be (3 + -87)/(3/(